e remainder when 563 is divided by 95.
88
Calculate the remainder when 1290 is divided by 271.
206
Calculate the remainder when 7403 is divided by 46.
43
Calculate the remainder when 871 is divided by 126.
115
What is the remainder when 65 is divided by 43?
22
What is the remainder when 241 is divided by 19?
13
Calculate the remainder when 18367 is divided by 164.
163
What is the remainder when 1036 is divided by 95?
86
Calculate the remainder when 2132 is divided by 9.
8
What is the remainder when 1763 is divided by 196?
195
Calculate the remainder when 397 is divided by 201.
196
Calculate the remainder when 1350 is divided by 12.
6
Calculate the remainder when 2330 is divided by 21.
20
What is the remainder when 2045 is divided by 121?
109
Calculate the remainder when 6763 is divided by 6.
1
Calculate the remainder when 1477 is divided by 35.
7
What is the remainder when 7095 is divided by 13?
10
What is the remainder when 782 is divided by 87?
86
Calculate the remainder when 1239 is divided by 182.
147
What is the remainder when 1080 is divided by 19?
16
What is the remainder when 33 is divided by 21?
12
What is the remainder when 168 is divided by 82?
4
What is the remainder when 228 is divided by 21?
18
Calculate the remainder when 198 is divided by 111.
87
Calculate the remainder when 5805 is divided by 14.
9
Calculate the remainder when 2659 is divided by 1325.
9
Calculate the remainder when 2748 is divided by 125.
123
Calculate the remainder when 103 is divided by 3.
1
What is the remainder when 2493 is divided by 147?
141
What is the remainder when 158 is divided by 20?
18
What is the remainder when 1553 is divided by 18?
5
What is the remainder when 186 is divided by 88?
10
Calculate the remainder when 132732 is divided by 23.
22
Calculate the remainder when 987 is divided by 21.
0
What is the remainder when 1448 is divided by 23?
22
What is the remainder when 140 is divided by 8?
4
Calculate the remainder when 3043 is divided by 178.
17
Calculate the remainder when 401 is divided by 28.
9
Calculate the remainder when 10931 is divided by 70.
11
Calculate the remainder when 122 is divided by 38.
8
Calculate the remainder when 6160 is divided by 158.
156
Calculate the remainder when 8626 is divided by 97.
90
What is the remainder when 316 is divided by 41?
29
Calculate the remainder when 134 is divided by 58.
18
What is the remainder when 96 is divided by 26?
18
What is the remainder when 3645 is divided by 332?
325
What is the remainder when 119 is divided by 61?
58
What is the remainder when 8586 is divided by 4287?
12
Calculate the remainder when 796 is divided by 42.
40
What is the remainder when 45 is divided by 25?
20
What is the remainder when 10783 is divided by 174?
169
Calculate the remainder when 65 is divided by 6.
5
What is the remainder when 74 is divided by 5?
4
Calculate the remainder when 175 is divided by 27.
13
Calculate the remainder when 4238 is divided by 115.
98
What is the remainder when 472 is divided by 157?
1
Calculate the remainder when 3655 is divided by 334.
315
Calculate the remainder when 720 is divided by 38.
36
Calculate the remainder when 611 is divided by 3.
2
What is the remainder when 140 is divided by 70?
0
What is the remainder when 886 is divided by 10?
6
What is the remainder when 140 is divided by 29?
24
What is the remainder when 99 is divided by 10?
9
Calculate the remainder when 83 is divided by 26.
5
Calculate the remainder when 1499 is divided by 523.
453
What is the remainder when 370 is divided by 93?
91
What is the remainder when 3041 is divided by 27?
17
Calculate the remainder when 308 is divided by 135.
38
Calculate the remainder when 544 is divided by 182.
180
Calculate the remainder when 2373 is divided by 18.
15
Calculate the remainder when 247 is divided by 243.
4
What is the remainder when 46 is divided by 4?
2
What is the remainder when 318 is divided by 23?
19
Calculate the remainder when 171 is divided by 20.
11
Calculate the remainder when 224 is divided by 30.
14
What is the remainder when 177 is divided by 31?
22
Calculate the remainder when 3050 is divided by 1524.
2
Calculate the remainder when 304 is divided by 46.
28
Calculate the remainder when 23 is divided by 8.
7
Calculate the remainder when 151 is divided by 17.
15
What is the remainder when 187 is divided by 32?
27
What is the remainder when 69 is divided by 15?
9
What is the remainder when 583 is divided by 13?
11
Calculate the remainder when 337 is divided by 17.
14
What is the remainder when 1413 is divided by 61?
10
What is the remainder when 1931 is divided by 8?
3
Calculate the remainder when 320 is divided by 17.
14
Calculate the remainder when 373 is divided by 43.
29
Calculate the remainder when 785 is divided by 163.
133
Calculate the remainder when 146 is divided by 128.
18
Calculate the remainder when 502 is divided by 72.
70
Calculate the remainder when 105 is divided by 9.
6
Calculate the remainder when 186 is divided by 50.
36
What is the remainder when 442 is divided by 18?
10
What is the remainder when 1019 is divided by 69?
53
What is the remainder when 234 is divided by 108?
18
Calculate the remainder when 239 is divided by 40.
39
Calculate the remainder when 82 is divided by 81.
1
What is the remainder when 1229 is divided by 17?
5
Calculate the remainder when 191 is divided by 32.
31
What is the remainder when 341 is divided by 134?
73
Calculate the remainder when 37 is divided by 2.
1
What is the remainder when 250 is divided by 26?
16
Calculate the remainder when 275 is divided by 244.
31
What is the remainder when 110 is divided by 50?
10
What is the remainder when 511 is divided by 32?
31
Calculate the remainder when 187 is divided by 58.
13
Calculate the remainder when 695 is divided by 26.
19
What is the remainder when 250 is divided by 45?
25
What is the remainder when 225 is divided by 175?
50
What is the remainder when 52 is divided by 18?
16
Calculate the remainder when 45 is divided by 25.
20
Calculate the remainder when 475 is divided by 94.
5
Calculate the remainder when 4533 is divided by 119.
11
Calculate the remainder when 167 is divided by 2.
1
Calculate the remainder when 189 is divided by 16.
13
Calculate the remainder when 1700 is divided by 141.
8
Calculate the remainder when 29 is divided by 8.
5
Calculate the remainder when 523 is divided by 89.
78
Calculate the remainder when 410 is divided by 105.
95
Calculate the remainder when 196 is divided by 76.
44
Calculate the remainder when 440 is divided by 17.
15
What is the remainder when 1338 is divided by 90?
78
Calculate the remainder when 1096 is divided by 364.
4
What is the remainder when 34 is divided by 26?
8
Calculate the remainder when 300 is divided by 288.
12
What is the remainder when 649 is divided by 268?
113
Calculate the remainder when 5054 is divided by 110.
104
Calculate the remainder when 12837 is divided by 24.
21
Calculate the remainder when 7838 is divided by 13.
12
What is the remainder when 185 is divided by 98?
87
What is the remainder when 286 is divided by 8?
6
What is the remainder when 1260 is divided by 630?
0
What is the remainder when 609 is divided by 47?
45
Calculate the remainder when 366 is divided by 23.
21
What is the remainder when 296 is divided by 100?
96
What is the remainder when 363 is divided by 152?
59
Calculate the remainder when 638 is divided by 623.
15
What is the remainder when 1018 is divided by 17?
15
What is the remainder when 473 is divided by 25?
23
What is the remainder when 194 is divided by 142?
52
Calculate the remainder when 10666 is divided by 7.
5
What is the remainder when 94 is divided by 24?
22
What is the remainder when 2727 is divided by 7?
4
What is the remainder when 253 is divided by 45?
28
What is the remainder when 1216 is divided by 10?
6
Calculate the remainder when 768 is divided by 250.
18
Calculate the remainder when 1187 is divided by 81.
53
What is the remainder when 161 is divided by 23?
0
What is the remainder when 663 is divided by 74?
71
Calculate the remainder when 151 is divided by 119.
32
What is the remainder when 91 is divided by 86?
5
What is the remainder when 152 is divided by 40?
32
Calculate the remainder when 774 is divided